1120022 - -100210?
-21012112
In base 9, what is -11 + 21833?
21822
In base 8, what is -4 - -3024331?
3024325
In base 6, what is 5 + 554402?
554411
In base 10, what is -105 + 1587?
1482
In base 11, what is -121 + -413?
-534
In base 13, what is 185 + -487?
-302
In base 3, what is 21210211 - -120210?
22101121
In base 2, what is 1011101011 - -110111?
1100100010
In base 9, what is 3 + -1688236?
-1688233
In base 9, what is -2780 - 231?
-3121
In base 15, what is 8276 - 0?
8276
In base 10, what is -21 + -26371?
-26392
In base 6, what is -1 - -1110455?
1110454
In base 13, what is 1a0 - -21?
1c1
In base 7, what is -5 - 116531?
-116536
In base 16, what is -e + 985?
977
In base 13, what is 32 + 4061?
4093
In base 5, what is -11340002 - 2?
-11340004
In base 7, what is -1 - -2353240?
2353236
In base 6, what is -345241 - -24?
-345213
In base 4, what is -113 - 32231?
-33010
In base 4, what is 11 + -100333110?
-100333033
In base 9, what is 645077 - -1?
645078
In base 16, what is 1f821 - -15?
1f836
In base 7, what is 1540 + -220?
1320
In base 9, what is 167 - -3183?
3361
In base 4, what is 13320122 + -3?
13320113
In base 12, what is b762b + -2?
b7629
In base 7, what is 4 - -144454?
144461
In base 14, what is -3 + 13682?
1367d
In base 8, what is -4 + 2746726?
2746722
In base 15, what is 15 - -ee2?
1007
In base 7, what is -151 + -3224?
-3405
In base 10, what is -17471 + 0?
-17471
In base 13, what is 10 + 6c7b?
6c8b
In base 4, what is 0 + 2132100300?
2132100300
In base 5, what is 43213313 - 2?
43213311
In base 14, what is -4 - -116638?
116634
In base 15, what is -a6b + -5b?
-ac7
In base 12, what is -39 + 3099?
3060
In base 7, what is -63 + -5253?
-5346
In base 12, what is -259303 + -1?
-259304
In base 14, what is 1 + -394d2?
-394d1
In base 4, what is 21213 - 110?
21103
In base 5, what is -13021434 + -11?
-13022000
In base 11, what is 53aa7 + 0?
53aa7
In base 16, what is -1e0 + -22?
-202
In base 15, what is -3a + 5a8c?
5a52
In base 14, what is -179 - -828?
68d
In base 16, what is 7dc9 + 20?
7de9
In base 16, what is -1 - 37a11?
-37a12
In base 4, what is -122030 + -13200?
-201230
In base 7, what is -540 + 23?
-514
In base 14, what is 522 + -4c0?
42
In base 15, what is 16b65 + 3?
16b68
In base 4, what is -2 + 10232031?
10232023
In base 4, what is -210 - 131000?
-131210
In base 12, what is 4 + -29490?
-29488
In base 7, what is 202250 - 0?
202250
In base 4, what is 3 - 10130123?
-10130120
In base 12, what is -3 - -123a?
1237
In base 13, what is -7 + 901b4?
901aa
In base 7, what is -10 + 313442?
313432
In base 8, what is -4 + 36730?
36724
In base 13, what is 3 - 167735?
-167732
In base 9, what is -1 - -8146?
8145
In base 7, what is -5406 - 5?
-5414
In base 6, what is 44120 - 3?
44113
In base 9, what is -5413 + -56?
-5470
In base 13, what is -15 - -226?
211
In base 4, what is -1032 + 21133000?
21131302
In base 8, what is -1 - 275430?
-275431
In base 3, what is -101102002001 + -12?
-101102002020
In base 16, what is -142d - 3e?
-146b
In base 14, what is 332c + 4b?
3379
In base 7, what is 2 + -613164?
-613162
In base 3, what is 0 + 121211121000?
121211121000
In base 2, what is 1 - 11011000010?
-11011000001
In base 10, what is -1183 - -69?
-1114
In base 14, what is 8a - 4a?
40
In base 6, what is 11 - 24502?
-24451
In base 4, what is 111023022 - 1?
111023021
In base 16, what is 0 - 2189?
-2189
In base 2, what is -11000100 + -11101100100?
-100000101000
In base 12, what is -4097 - -2a?
-4069
In base 8, what is 112167 - -2?
112171
In base 7, what is 5 + 26023?
26031
In base 14, what is -76c + 15?
-757
In base 6, what is -2 - 5340011?
-5340013
In base 2, what is 101 - -1110000110111?
1110000111100
In base 5, what is 224444 + -1?
224443
In base 5, what is -330 + 111140?
110310
In base 6, what is -11 - -31143523?
31143512
In base 4, what is -23022112 + 13?
-23022033
In base 5, what is -3 - 1230104?
-1230112
In base 5, what is 30 - 32333?
-32303
In base 13, what is -5bc6 + -51?
-5c47
In base 16, what is e5396 - -4?
e539a
In base 8, what is 27 + 6410?
6437
In base 9, what is -750435 - 3?
-750438
In base 2, what is 1100000110111101 - 101?
1100000110111000
In base 2, what is 110111001 + 101110?
111100111
In base 7, what is -3 - -56353?
56350
In base 3, what is 1 - 11010122022?
-11010122021
In base 6, what is 1110313 + -13?
1110300
In base 5, what is -1144141 - 3?
-1144144
In base 5, what is 4 + -33204133?
-33204124
In base 11, what is 184663 - -2?
184665
In base 10, what is 12556 + 3?
12559
In base 4, what is -202212103 - -11?
-202212032
In base 12, what is 10 + -23b80?
-23b70
In base 8, what is 4 + 72120?
72124
In base 14, what is cb5 + -1b3?
b02
In base 13, what is 9c3452 - 5?
9c344a
In base 13, what is -5a75 - 4?
-5a79
In base 10, what is 62 + -95?
-33
In base 5, what is -4 - -32223?
32214
In base 14, what is -110d1 - 5?
-110d6
In base 10, what is 2524120 - 0?
2524120
In base 6, what is -1324 - -102?
-1222
In base 3, what is 120222102221 + 11?
120222110002
In base 4, what is -22 + -2303213?
-2303301
In base 14, what is 1645c + 2d?
1648b
In base 9, what is -1 + -810?
-811
In base 9, what is -18063 + 3?
-18060
In base 12, what is 6b939 - -3?
6b940
In base 7, what is -250553 - -5?
-250545
In base 16, what is 5 - -6b?
70
In base 15, what is 13567 - 5?
13562
In base 15, what is 31c5 + -1?
31c4
In base 12, what is -262a44 - -1?
-262a43
In base 9, what is -208773 + 6?
-208766
In base 2, what is -1101 + -11001011?
-11011000
In base 6, what is -542124 - -112?
-542012
In base 3, what is -1010 - 10222002101?
-10222010111
In base 5, what is -44 + -214433?
-220032
In base 10, what is -1 + 37394?
37393
In base 12, what is 49a3b3 + 0?
49a3b3
In base 9, what is 21170 - 0?
21170
In base 8, what is 6313040 + 1?
6313041
In base 16, what is -4 + 1a0b7?
1a0b3
In base 16, what is -17e - 14?
-192
In base 9, what is -1548 - 62?
-1621
In base 11, what is -179a7 + -2?
-179a9
In base 2, what is -101 + 11001100101010100000?
11001100101010011011
In base 8, what is -250511 + 5?
-250504
In base 10, what is -28984 + -10?
-28994
In base 3, what is -10 - 12010121?
-12010201
In base 7, what is 20 + -601006?
-600656
In base 9, what is 28332 + -87?
28234
In base 16, what is 1 + -1e570?
-1e56f
In base 2, what is 1100 - -100011111011000?
100011111100100
In base 5, what is -24111 + -30?
-24141
In base 8, what is -170 - 2441?
-2631
In base 12, what is -25b - -1b98?
1939
In base 7, what is 126453 - -1?
126454
In base 11, what is -237 + 130?
-107
In base 14, what is 2c1 + -304?
-23
In base 13, what is 841 + -193?
67b
In base 8, what is 34 - -2366?
2422
In base 14, what is -197 - 7c2?
-979
In base 8, what is 10 - 102057?
-102047
In base 4, what is -2203 - 10131?
-13000
In base 16, what is -54f - -15?
-53a
In base 9, what is -5 + 108050?
108044
In base 5, what is -11003 - -3201?
-2302
In base 13, what is 4a7480 + -2?
4a747b
In base 2, what is -100000011 - -110110?
-11001101
In base 9, what is 143721 + -34?
143676
In base 13, what is 5 + 4ba7?
4bac
In base 14, what is 77d2 - -4?
77d6
In base 10, what is 2155595 - 2?
2155593
In base 10, what is 2428 - -27?
2455
In base 10, what is 4 + -12628?
-12624
In base 12, what is -11aa3a3 - -5?
-11aa39a
In base 14, what is -5 - 727c?
-7283
In base 3, what is -1200120200210 - 11?
-1200120200221
In base 2, what is 1001101101011100110 + 10?
1001101101011101000
In base 9, what is 22 - 4764?
-4742
In base 12, what is -2a08 + 70?
-2958
In base 10, what is -707996 - 2?
-707998
In base 15, what is -16b0b + d?
-16aed
In base 14, what is 2 - a71c7?
-a71c5
In base 9, what is -4 + -5658?
-5663
In base 6, what is -5 + -251013?
-251022
In base 7, what is 246632 + 243?
250205
In base 15, what is -3 - -1c5b3?
1c5b0
In base 9, what is 10 - -161448?
161458
In base 13, what is 1738b4 + -3?
1738b1
In base 6, what is -2145 - -134?
-2011
In base 16, what is -13d - -4c?
-f1
In base 9, what is 25 - -601772?
601807
In base 3, what is 1022102122 + -1002?
1022101120
In base 12, what is -5 - 3299?
-32a2
In base 8, what is 52146 - -5?
52153
In base 9, what is 4444 - -1082?
5536
In base 16, what is 6c87 - -9?
6c90
In base 4, what is 11 - -323022123?
323022200
In base 9, what is 0 - 11358?
-11358
In base 15, what is 2aabd + -3?
2aaba
In base 2, what is -1011111 + -110000000?
-111011111
In base 16, what is -39ca - -1